 be (-96)/(-42) + (-2)/7. Suppose -11 = 4*m - 27. Let o(b) = b**k + m*b**2 + 8*b**3 - 3 - 7*b**3 - 2*b. Give o(-5).
7
Let y(k) be the second derivative of -k**4/12 + 2*k**3/3 - 5*k**2/2 - 4*k. Determine y(4).
-5
Let f = 2/37 + 68/111. Let p(x) be the second derivative of 1/2*x**2 + 0 + x + f*x**3. Give p(-1).
-3
Let j(b) = -2*b - 6 + 8 + 5 + b. Calculate j(0).
7
Let r be (2/(-4))/((-1)/(-6)). Let t(m) = 4*m + 2. What is t(r)?
-10
Let p = -30 + 25. Let q(s) = 2*s + 5. Give q(p).
-5
Let r(f) = -3*f**3 + f**3 - 1 + 3*f**3 + 3*f**2 + 4*f. Let g(m) = 1. Let x(l) = -l - 5. Let u(o) = 5*g(o) + x(o). Let k(d) = -r(d) - 6*u(d). Give k(-3).
-5
Let v(o) = -o**2 + o. Let d(p) = -22*p**2 + 3*p + 1. Let t(c) = -d(c) + 5*v(c). Determine t(1).
18
Let c(y) = -5*y**3 + 10 + 4*y**3 + 7*y**2 - 7*y + 13*y. What is c(8)?
-6
Let l(q) = q**3 + 8*q**2 + 6*q + 4. Let y(o) = -o**3 - 8*o**2 - 6*o - 4. Let b(s) = -2*l(s) - 3*y(s). Calculate b(-7).
11
Let j = 4 - 2. Let w be (j + -20)/3 + 0. Let r = 4 + w. Let a(x) = -x**3 - 2*x**2 - 1. Give a(r).
-1
Let b(h) = -978*h - 9*h**3 + 978*h. What is b(-1)?
9
Let r(h) be the third derivative of h**6/120 + h**5/12 + h**4/8 - 55*h**2. Calculate r(-4).
4
Let t(z) = -2*z**2 + z**2 - 3 - 2*z - z. Let d(x) = 15*x - 62. Let g be d(4). Calculate t(g).
-1
Suppose 4 + 11 = 3*f. Let o(w) = 0*w**3 - 5*w + 6*w**2 + w**3 - f*w**2 - 2. Give o(-3).
-5
Let q = -3 - -5. Suppose -2*t - q*a + 8 = 0, t - a - 12 = -6*a. Let x(s) = -3*s. Determine x(t).
-6
Let o(g) = g - 8 - 4*g + 4*g. Suppose -d + 2 = -2. Suppose i = -5, d*s + 4*i = i + 1. Determine o(s).
-4
Let z(y) be the second derivative of y**5/20 - y**4/12 - y**3/3 - y**2/2 - 5*y. Determine z(-2).
-9
Let w(t) = -2*t**2 + 4. Let v = -11 + 8. Give w(v).
-14
Let r(g) = -g**2 + 4. Let w be 22*(-1)/5 - 6/(-15). What is r(w)?
-12
Let c(s) = 8*s - 7. Let l be c(0). Let d(k) = k**2 + 8*k + 4. Determine d(l).
-3
Let b(m) be the third derivative of 1/8*m**4 + 0 - 1/12*m**5 + m**2 + 1/6*m**3 + 1/120*m**6 + 0*m. Let d be b(4). Let h(k) = k**2 - 4. Calculate h(d).
5
Let i(s) = s**3 - 5*s**2 + 5*s - 1. Suppose -2*x = -3*k + 51, -5*k - x = -8*k + 54. Suppose -7 + k = 3*q. Determine i(q).
3
Let z(d) be the third derivative of d**6/120 - d**5/15 - d**4/8 - 5*d**3/6 + 6*d**2. What is z(5)?
5
Let i be (-82)/(-7) + 10/35. Suppose 4 - i = -4*b. Let m(a) = a**b + 5*a**2 + 3*a - 2*a**2 - 4*a. Calculate m(1).
3
Let l(x) = 3*x - x - 7 - 3*x + 0*x. Let q(t) = -1. Let w(m) = l(m) - 4*q(m). Give w(3).
-6
Let k(f) be the first derivative of -2*f**3/3 + 2*f**2 - 2*f + 12. Calculate k(4).
-18
Let h(a) = -a**3 - 7*a**2 + 7*a - 5. Let j be h(-8). Let b(x) = -x**2 - 7*x + j + 3*x + 3*x**2. Let v = -1 + 3. What is b(v)?
3
Let m be (-26)/(-4) + 2/(-4). Let j = m - 5. Let q(o) = 4*o - 1. Determine q(j).
3
Let h(s) = s**3 - 2*s**2 + s + 1. Let k(q) = -q**3 + q**2 - q - 2. Let u(o) = 3*h(o) + 2*k(o). Calculate u(4).
3
Let p be 9/36 + 38/8. Let z(s) = -p*s + s**2 - 2 - 3 + 10*s**3 + 6 + 3*s. Suppose -5*t - 4*a - 7 = 0, -4*t = 3*a - a + 2. Determine z(t).
10
Let x be ((-9)/6)/((-9)/12). Let t(c) = -c**x + 3*c**2 - c**2 + c. Determine t(-1).
0
Suppose -57 = -3*b + 2*n + n, 77 = 3*b + n. Let a = 18 - b. Let l(f) = -1 + f + 1 + 2. Give l(a).
-4
Let i = -6 - -4. Let n(y) = -10*y + 1 + 0 + 4*y + 0. Determine n(i).
13
Let u(d) = -d + 2. Suppose -2*p = -5*p - 6. Let c = p + 9. What is u(c)?
-5
Suppose 3*u + 4*a = 14, -a + 2 = 5*u + 7. Suppose d + 4 = 3*d. Let h(c) = 4*c**2 + c**3 + 6*c + 2 + 1 - d*c. Calculate h(u).
3
Let h = 5 + -3. Suppose -2*z = o - h, 4*z + 20 = 3*o + o. Let t(s) = -12*s**3 - s**2. Give t(z).
11
Let z(c) = 2*c**2 - 5*c + 9. Let h(y) = y**2 - 2*y + 4. Let k(t) = 7*h(t) - 4*z(t). Give k(6).
-8
Let h(u) = u**2 + 3*u**2 - u**3 - 2 - u + u**2. What is h(5)?
-7
Let x(b) be the first derivative of b**6/360 + b**5/24 - b**3 + 1. Let r(m) be the third derivative of x(m). Determine r(-5).
0
Let x = -4 - -1. Let l(u) = -1 + 5 + u + u - 3. Give l(x).
-5
Let m(g) be the second derivative of g**4/24 - g**3/2 + g**2/2 - 3*g. Let x(l) be the first derivative of m(l). Give x(-3).
-6
Let k(r) = -3*r. Let j be -2*(-6)/(-4) + 8. What is k(j)?
-15
Let v(p) be the first derivative of -2*p**3/3 + p**2/2 + p + 8. Give v(-2).
-9
Let z(u) be the first derivative of 1/2*u**2 - u + 3. Determine z(-6).
-7
Let x(w) = w**2 + 2*w. Let o = -13 + 10. Give x(o).
3
Let f be (-1)/3*0*-1. Suppose 5*j - j - a - 9 = f, -a + 1 = j. Let n(r) = -4 - 3*r + 2 + r. Determine n(j).
-6
Let i(m) be the second derivative of -m**5/20 - 5*m**4/12 - 2*m**3/3 + m**2 + 3*m. Let d be i(-4). Let n(b) = -b - 4*b + 3 - b**d + 3*b. What is n(-4)?
-5
Suppose -18 = -4*g - 2*r, 3*r + 3 = -2*g + 6*r. Let j(b) = -4 - 4*b**2 + 1 - 4*b**g + 3*b**3 + 3*b**2. Give j(0).
-3
Let x(n) = n**3 - n**2 - 3*n - 4. Suppose 6*i - 25 = i. Suppose -16 = -i*y - o - 0*o, -4*y = -5*o - 7. What is x(y)?
5
Suppose 0 = 4*i - 8. Suppose -i - 3 = h. Let n(v) = -v - 2. Give n(h).
3
Let j(b) = -9*b + 4. Let o(l) = -8*l + 3. Let m(y) = -2*j(y) + 3*o(y). Calculate m(1).
-5
Let i be ((-24)/(-18))/((-2)/3). Let z(x) = 4*x - 2. Determine z(i).
-10
Let l(q) be the third derivative of -q**4/24 - q**3/6 + q**2. Let d(m) = -m**2 + 5*m - 2. Let c be d(5). Let k be c/1 - (-5)/1. Calculate l(k).
-4
Let a(h) be the third derivative of -h**7/2520 + h**6/90 - h**5/20 - h**4/24 - 3*h**2. Let v(x) be the second derivative of a(x). Calculate v(5).
9
Let o be 1 - (-2 + 0/4). Let c(l) = -2*l**3 + 3*l**o - 11*l + 4 - 5*l**2 + 3*l. Give c(6).
-8
Let c(h) = -34*h**2 + 2*h - 5. Let p(r) = 17*r**2 - r + 3. Let a(l) = 3*c(l) + 5*p(l). Calculate a(1).
-16
Let l(f) = f**3 - 4*f**2 - 4*f - 5. Let a be l(5). Let o be 2/(2 - (0 + a)). Let i(r) = r - 1. Let y(k) = -13*k + 2. Let u(q) = o*i(q) + y(q). Determine u(-1).
13
Let o = 15 + -8. Let u(h) = 7 + 1 + 1 - h. Calculate u(o).
2
Let j(g) = -2*g + 7. Let n(k) = -k + 4. Let m(q) = -4*j(q) + 7*n(q). Calculate m(-3).
-3
Suppose -w + 3 - 7 = 0, -4*w - 4 = 4*i. Suppose -i*j + 3 = -9. Let f(c) = 6*c + 0*c - j*c. What is f(-2)?
-4
Let n(g) = 6*g**3 + 6*g**2 - 11*g + 3. Let k(m) = 7*m**3 + 6*m**2 - 12*m + 2. Let w(b) = -5*k(b) + 6*n(b). Give w(-7).
1
Let o(n) = n**2 - n - 4. Let x be o(3). Suppose -3*g = 9, 0 = x*y - y + 3*g + 12. Let j(v) = -v + 1. Give j(y).
4
Suppose -6 = -4*b + b. Let q(y) be the first derivative of -4*y**2 + 2*y + 4*y**2 + 3 + 4*y**b - 3*y**2. What is q(3)?
8
Let p(g) be the third derivative of 0 + 1/360*g**6 - 1/60*g**5 + 1/24*g**4 + 0*g**3 + 0*g + 2*g**2. Let c(d) be the second derivative of p(d). Give c(3).
4
Let k(c) = -2*c**2 + 9*c + 6. Let m(q) = -q**2 + 5*q + 3. Let x(w) = -6*k(w) + 11*m(w). Suppose 4*g - 4 = 4*z, z - 5*g = -z - 5. What is x(z)?
-3
Let d(k) = -k - 1. Let b(t) = t**3 - t - 2. Let w be b(0). Calculate d(w).
1
Let g(n) = n + 1 - 2 + 0*n. Suppose -2*f + 32 = -6*f. Let u = 13 + f. Determine g(u).
4
Suppose -21 = h - 5*h - 5*k, h + 4*k = 8. Let o(z) = -z**3 + 5*z**2 - 7*z + 4. Determine o(h).
-8
Let o be (-8)/3*(-21)/28. Let n(f) = -3*f**2 - f**2 - 2*f**2 + 3*f**2 + f**3 - 2 + o*f. Let g = 6 + -4. Give n(g).
-2
Suppose 2*s - 15 + 7 = 0. Let j(u) = -7 + 6 + s*u + 8*u. What is j(1)?
11
Let r(h) = -3*h**2 - 2*h - 4. Let s(x) = -x**2 - x - 1. Let b(o) = r(o) - 5*s(o). Let l = -3 + 1. Calculate b(l).
3
Let n(x) = -x**2 + 6*x - 1. Let v(g) = 5*g - 20. Let p be v(5). Give n(p).
4
Let z(y) be the first derivative of y**2/2 - 3*y - 37. Give z(-3).
-6
Let c(i) = 11*i - 7. Let q(r) = 5*r - 3. Let x(n) = 10*n - 6. Let s(o) = -5*q(o) + 2*x(o). Let y = -8 + 10. Let b(j) = y*c(j) + 5*s(j). Give b(-2).
7
Let x(s) be the second derivative of -s**4/12 + 7*s**3/6 - s**2 - 11*s. Calculate x(6).
4
Suppose 4 - 10 = -2*h. Suppose 5*a - a + h*x - 11 = 0, -5*a + 14 = 4*x. Suppose 0*f + 10 = a*f. Let w(y) = y**2 - 8*y + 7. What is w(f)?
-8
Let f = 3 - 1. Let k(y) = -f - y - 2*y**2 + y**2 + 3. Determine k(1).
-1
Let a(s) = -s**2 + 8*s + 2. Let t be (9/(-2))/((-18)/24). Give a(t).
14
Suppose 2*b - 9 = 3. Let q(i) = i + 2. Give q(b).
8
Let p(x) = -2*x**3 - 2*x**2 - 3*x - 3. Suppose -4*k + 6 = -26. Let v be (k/6)/((-4)/6). Determine p(v).
11
Let d(t) = -5*t**3 + 2*t**2 - 1. Let p be d(-1). Let s = 4 - p. Let u(v) be the first derivative of -v**4/4 - v**3/3 + v**2/2 + v + 6. Determine u